- 1546. Suppose 0*s = s - n. List the prime factors of s.
5, 37
Let p be ((-13)/(-52))/((-1)/(-932)). Suppose 280 = -u + 6*u + 5*k, 4*u = -k + p. List the prime factors of u.
59
Suppose 17*b + 330 = 4*r + 18*b, r = 2*b + 78. Let y be (-154)/(-2) - (0 - 0). Suppose -2*v = -j - y, v - r = -v - 4*j. What are the prime factors of v?
3, 13
Let u(y) = y**3 - 8*y**2 - 7. Let g be u(8). List the prime factors of (7/(-3) + g/21)*-9.
2, 3
Let c = 309 + -99. Let u = -114 + c. What are the prime factors of u?
2, 3
Let v(y) = y**3 + 4*y**2 - 8*y - 6. Let z be v(-5). Suppose 0 = -b - 5*g - z, -3*b = -3*g - 33 + 6. List the prime factors of b.
2, 3
Let n(j) = 164*j**2 - 2*j - 4. Let c be n(-1). Suppose -27*o + 28*o = c. List the prime factors of o.
2, 3
Let t = 4026 - 2729. List the prime factors of t.
1297
What are the prime factors of 200/350 - (-20950)/14?
3, 499
Let d(g) = 3*g + 47. Let s be d(-16). What are the prime factors of (4 - (-14)/(-3))*s*111?
2, 37
Suppose 2*b = -2*l - 56, -1 = -3*b - 10. Let y = l + 33. What are the prime factors of y?
2
Let r(a) = 120*a**2 - 73*a - 1. List the prime factors of r(5).
2, 3, 439
Suppose o - 47 - 100 = -4*c, 4*c - 138 = 2*o. List the prime factors of c.
2, 3
Let w be (-8 - 2/(-1))*-1. Let f be (10/w)/((-7)/(-210)). Suppose 2*b + 2*b + 4*q - 20 = 0, 2*q + f = 4*b. List the prime factors of b.
2, 5
Let n = -21 - -21. Let c be n - -1 - (-62 + 3). Let r = c + -22. List the prime factors of r.
2, 19
Let n(k) = -2*k**2 + k**3 - 13 + 3*k**2 + 37 - 2*k**2. What are the prime factors of n(0)?
2, 3
Suppose 0 = -3*j - 5*k, 2*j + 2*k = -0*j. Suppose 3*u + 4*s = 956, -3*s + j*s - 3 = 0. What are the prime factors of u?
2, 5
Suppose -o = -3*j - 2*j + 7, 2*o - 3*j - 7 = 0. Suppose -d = 3*c - o, 4*d = -3*c + d + 6. Suppose -c*u = u - 96. List the prime factors of u.
2, 3
What are the prime factors of 9/9 - -1 - -3540?
2, 7, 11, 23
Let h(v) = v - 1. Let r(d) = 3*d**2 - 16*d + 1. Let j(f) = -3*h(f) + r(f). List the prime factors of j(8).
2, 11
Suppose -5*f = n + 13, -4*n - 5*f = -2*n + 6. Let i(l) = -l**2 - 7*l + 5. Let o be i(-7). Suppose n*y - o*y - 18 = 0. List the prime factors of y.
3
Let p(i) = -120*i. Let g be p(-2). Suppose -6*j + g = 4*u - j, -180 = -3*u + 4*j. What are the prime factors of u?
2, 3, 5
Let h be (10 - (-4 + 3))*1. Suppose -7*q - 64 = -h*q. Suppose -94 = -4*r - 5*i, -2*r - q = -3*i - 52. List the prime factors of r.
3, 7
Let i(u) = u**2 + 8*u + 24. Suppose 2*v + 27 = 3. What are the prime factors of i(v)?
2, 3
Let q(h) = 378*h**2 - 2*h - 2. Let b be q(-1). Suppose n = 8*n - b. Suppose 2*w - 32 = n. What are the prime factors of w?
43
Let u = 6932 - 3911. What are the prime factors of u?
3, 19, 53
Suppose -4*i = -5*z - 39 + 7, 2*i - 3*z = 18. Suppose i*a - 48 = -4*k, -2*a = 4*k - 2*k - 26. What are the prime factors of 12/9 - (-564)/k?
2
Let f = 220 + -125. What are the prime factors of f?
5, 19
List the prime factors of 509 - ((-4)/5 + (-9)/45).
2, 3, 5, 17
List the prime factors of -93*(-142)/(-12)*(-15 - -13).
31, 71
Suppose 0 = 7*s + 662 + 199. Let p = 180 + s. What are the prime factors of p?
3, 19
Let o = 137 + -110. What are the prime factors of o?
3
List the prime factors of (4/(-10))/((-31)/7595).
2, 7
Let y be ((-2)/(-4))/(5/360). Suppose -i + 4*s = -15, 0 = -i - 0*s - 3*s + y. List the prime factors of i.
3
Let l = 33 - 20. Let f = -14 - -16. Let z = l - f. List the prime factors of z.
11
Let w(i) = 28*i**2 + 11*i - 71. List the prime factors of w(5).
2, 3, 19
Let w(m) be the second derivative of -m**4/6 + m**3/6 + m**2/2 - 5*m. Let s be w(-3). List the prime factors of s/50 - 284/(-10).
2, 7
Let z(y) = 3*y**2 - 3*y - 1. Let p be z(-1). Suppose 3*b = -3*l + 60, -p*l - 60 = -b - 2*b. List the prime factors of b.
2, 5
Let v = 17 - 42. Let l = 14 + v. Let s = l + 28. What are the prime factors of s?
17
Let g be (-3)/15 + 70/(-25). What are the prime factors of ((-30)/(-21))/(g/(-105))?
2, 5
List the prime factors of 1*3/(-6) + (-9653)/(-14).
13, 53
Let t = 1660 + -905. What are the prime factors of t?
5, 151
Let s be (75/20)/((-1 - -2)/(-532)). List the prime factors of (0 - 2/3)/(10/s).
7, 19
Let x be 232/56 - 2/14. Suppose -x - 16 = -4*p. Suppose -2*a + 7*a = 5*f - 260, -3*f = p*a - 156. What are the prime factors of f?
2, 13
Suppose -3*c + 9071 = -5*u - 3703, -4258 = -c - 4*u. List the prime factors of c.
2, 2129
List the prime factors of 0/((-56)/7) + 736.
2, 23
Suppose 0 = 2*u - 7*u + 10. Suppose 3*p - u*v - 561 = 46, 5*p - 1009 = 2*v. What are the prime factors of p?
3, 67
Suppose -18*o + 1940 = 2*o. List the prime factors of o.
97
Let m be 8678/7 + (-54)/(-189). Suppose 6*j - 11*j - 5*r + m = 0, 0 = -j - 4*r + 242. What are the prime factors of j?
2, 5
Suppose 1 = -d + 4. Suppose -d*c + 128 = -220. What are the prime factors of c?
2, 29
Suppose -2*h = -h - 362. Let s be h*(1 + 6/4). List the prime factors of 4/5 + s/25.
37
Let f = 6164 - 2454. What are the prime factors of f?
2, 5, 7, 53
Let j(r) = -r + 36. Let c be j(11). Suppose 0 = -5*n + c, -f - 3*n + 50 = -0*n. Let z = f - -15. List the prime factors of z.
2, 5
Suppose -41*f - 7065 = -68893. What are the prime factors of f?
2, 13, 29
Suppose 34*n - 2*n - 3712 = 0. List the prime factors of n.
2, 29
Let z(o) = o + 9. Let a(h) = h**3 - 9*h**2 - h + 1. Let c be a(9). Let i be z(c). What are the prime factors of (0 - i)*(-7 + -3)?
2, 5
Let w(f) = f**2 - 11*f - 19. Let x be w(9). Let j = 55 - x. List the prime factors of j.
2, 23
What are the prime factors of -1*(-158)/(12/((-36)/(-6)))?
79
Let y(u) be the second derivative of u**5/20 - 4*u**4/3 + 5*u**3/2 - 5*u**2 - u. What are the prime factors of y(16)?
2, 5, 23
Let d(p) = -5*p**2 - 3 - 2*p**2 + 5*p - 5*p**2 + 29*p**3 + 10*p**2. What are the prime factors of d(2)?
3, 7, 11
Let q be (-15588)/(-16) + ((-9)/3)/12. Suppose -3*s + q = -a, 5*s = 2*a + 548 + 1075. What are the prime factors of s?
5, 13
Suppose 5*l - 16 = 2*u, -5*l + 22 = -3*u + 4*u. Let t be 24/84 - l/14. Suppose t = d + 3*s - 2*s - 21, 3*d = 2*s + 53. What are the prime factors of d?
19
Suppose 3*a + 2 = 14. Let q(h) = -2*h + 3*h**2 - 3*h**2 + 6*h**2 - 40 - h**3 + 43. What are the prime factors of q(a)?
3
Suppose z - 216 = -5*a, 3*a = -5*z + 498 + 604. List the prime factors of z.
13, 17
Let i be (-24)/(-64) + 29/8. Suppose -5*s - 5*y + 15 = 0, -3*s + 2 = -i*y - 0. What are the prime factors of s?
2
Suppose -29*f + 27*f = -224. Suppose 5*r = -l + 595, -5*r + 2*l + f + 498 = 0. What are the prime factors of r?
2, 3, 5
Suppose -w + 4*m = -196, 5*w - 3*m - 636 - 344 = 0. List the prime factors of w.
2, 7
Suppose 2*k = 34*k - 17056. List the prime factors of k.
13, 41
Let d = -1262 + 1783. What are the prime factors of d?
521
Suppose -7*h = 182 - 651. Let p = h + -50. What are the prime factors of p?
17
Let p = 33 + -31. Suppose -5*k = -p*k - 24. What are the prime factors of k?
2
Suppose 3*k = 4*k - 3*y - 146, -2*k - 3*y + 310 = 0. Suppose 8*v - 12*v = -k. What are the prime factors of v?
2, 19
Suppose -4*a - 366 = -2926. What are the prime factors of a?
2, 5
Let o = -3046 - -4579. What are the prime factors of o?
3, 7, 73
Let d = 2314 - 1163. What are the prime factors of d?
1151
Suppose -3*w = -3*p + 3, p + 5*w - 2*w + 19 = 0. List the prime factors of (p + 2/1)*-19.
2, 19
Let w = -24 + 27. Suppose 25 = 5*j + 2*r + w*r, -4*j + 2*r = -20. What are the prime factors of j?
5
Let r be 3 + (3 - 3)/(-1). Let y be ((-20)/6)/(1/r). Let j = y - -21. List the prime factors of j.
11
Suppose -2*r = -4*u + 70, 4*u + 5*r - 33 = 16. Let n = u - 10. Let x = n + 3. What are the prime factors of x?
3
Let w = 62 - 93. Suppose 5*o - 225 = 55. Let l = o + w. What are the prime factors of l?
5
Suppose -6*q = -212 - 388. What are the prime factors of 1 - -2 - q/(-10)?
13
Let s(j) = -j + 10. Let c be s(8). Suppose 0 = 17*o - 15*o. Suppose c*d - 18 = -o*d. List the prime factors of d.
3
Suppose 593*r - 591*r - 498 = 0. List the prime factors of r.
3, 83
Let l be (-8 + 6)*(-2 - -1). Suppose -l*v - 3*c + 11 = 0, 5*v - 4*c - 18 = -2*c. Suppose -v*t + 2*q = -246, t - 4*t + 192 = -4*q. List the prime factors of t.
2, 3, 5
What are the prime factors of (14 - 20524/(-6)) + 2/6?
3, 5, 229
Let f(m) = -4*m**2 - 4*m**2 + 11 + 9*m**2 - 9*m. Let s be f(8). Suppose